{"id":1726,"date":"2023-09-18T16:47:48","date_gmt":"2023-09-18T14:47:48","guid":{"rendered":"https:\/\/matimatheque.fr\/?page_id=1726"},"modified":"2025-09-11T20:51:11","modified_gmt":"2025-09-11T18:51:11","slug":"devoir-ecrits","status":"publish","type":"page","link":"https:\/\/matimatheque.fr\/?page_id=1726","title":{"rendered":"Devoirs \u00e9crits"},"content":{"rendered":"\n<figure class=\"wp-block-image size-full\"><img loading=\"lazy\" decoding=\"async\" width=\"873\" height=\"311\" src=\"https:\/\/matimatheque.fr\/wp-content\/uploads\/2025\/09\/Capture-decran-2025-09-11-204905.png\" alt=\"\" class=\"wp-image-2711\" srcset=\"https:\/\/matimatheque.fr\/wp-content\/uploads\/2025\/09\/Capture-decran-2025-09-11-204905.png 873w, https:\/\/matimatheque.fr\/wp-content\/uploads\/2025\/09\/Capture-decran-2025-09-11-204905-300x107.png 300w, https:\/\/matimatheque.fr\/wp-content\/uploads\/2025\/09\/Capture-decran-2025-09-11-204905-150x53.png 150w, https:\/\/matimatheque.fr\/wp-content\/uploads\/2025\/09\/Capture-decran-2025-09-11-204905-768x274.png 768w\" sizes=\"auto, (max-width: 873px) 100vw, 873px\" \/><\/figure>\n\n\n\n<table id=\"tablepress-64\" class=\"tablepress tablepress-id-64 tablepress-responsive\">\n<tbody class=\"row-striping row-hover\">\n<tr class=\"row-1\">\n\t<td class=\"column-1\"><\/td><td class=\"column-2\"><a href=\"https:\/\/matimatheque.fr\/wp-content\/uploads\/2025\/09\/ds0.pdf\" rel=\"noopener\" target=\"_blank\">2526 DS 0<\/a><\/td><td class=\"column-3\"><\/td>\n<\/tr>\n<tr class=\"row-2\">\n\t<td class=\"column-1\"><a href=\"https:\/\/matimatheque.fr\/wp-content\/uploads\/2024\/09\/ds-14.pdf\" rel=\"noopener\" target=\"_blank\">2425 DS 1<\/a><\/td><td class=\"column-2\"><a href=\"https:\/\/matimatheque.fr\/wp-content\/uploads\/2025\/10\/ds-7.pdf\" rel=\"noopener\" target=\"_blank\">2526 DS 1<\/a><\/td><td class=\"column-3\"><\/td>\n<\/tr>\n<tr class=\"row-3\">\n\t<td class=\"column-1\"><a href=\"https:\/\/matimatheque.fr\/wp-content\/uploads\/2024\/11\/ds-18.pdf\" rel=\"noopener\" target=\"_blank\">2425 DS 2<\/a><\/td><td class=\"column-2\"><a href=\"https:\/\/matimatheque.fr\/wp-content\/uploads\/2025\/11\/ds-11.pdf\" rel=\"noopener\" target=\"_blank\">2526 DS 2<\/a><\/td><td class=\"column-3\"><\/td>\n<\/tr>\n<tr class=\"row-4\">\n\t<td class=\"column-1\"><a href=\"https:\/\/matimatheque.fr\/wp-content\/uploads\/2024\/12\/ds-20.pdf\" rel=\"noopener\" target=\"_blank\">2425 DS 3<\/a><\/td><td class=\"column-2\"><a href=\"https:\/\/matimatheque.fr\/wp-content\/uploads\/2025\/12\/ds-13.pdf\" rel=\"noopener\" target=\"_blank\">2526 DS 3<\/a><\/td><td class=\"column-3\"><a href=\"https:\/\/matimatheque.fr\/wp-content\/uploads\/2025\/12\/ds-15.pdf\" rel=\"noopener\" target=\"_blank\">DS3bis<\/a><\/td>\n<\/tr>\n<tr class=\"row-5\">\n\t<td class=\"column-1\"><a href=\"https:\/\/matimatheque.fr\/wp-content\/uploads\/2025\/01\/ds-24.pdf\" rel=\"noopener\" target=\"_blank\">2425 DS 4<\/a><\/td><td class=\"column-2\"><a href=\"https:\/\/matimatheque.fr\/wp-content\/uploads\/2026\/02\/ds-25.pdf\" target=\"_blank\">2526 DS 4<\/a><\/td><td class=\"column-3\"><\/td>\n<\/tr>\n<tr class=\"row-6\">\n\t<td class=\"column-1\"><a href=\"https:\/\/matimatheque.fr\/wp-content\/uploads\/2025\/03\/ds-17.pdf\" rel=\"noopener\" target=\"_blank\">2425 DS 5<\/a><\/td><td class=\"column-2\"><a href=\"https:\/\/matimatheque.fr\/wp-content\/uploads\/2026\/02\/ds-24.pdf\" target=\"_blank\">2526 DS 5<\/a><\/td><td class=\"column-3\"><\/td>\n<\/tr>\n<tr class=\"row-7\">\n\t<td class=\"column-1\"><\/td><td class=\"column-2\"><a href=\"https:\/\/matimatheque.fr\/wp-content\/uploads\/2026\/03\/ds-31.pdf\" target=\"_blank\">2526 DS 6<\/a><\/td><td class=\"column-3\"><\/td>\n<\/tr>\n<tr class=\"row-8\">\n\t<td class=\"column-1\"><\/td><td class=\"column-2\"><\/td><td class=\"column-3\"><\/td>\n<\/tr>\n<tr class=\"row-9\">\n\t<td class=\"column-1\"><\/td><td class=\"column-2\"><\/td><td class=\"column-3\"><\/td>\n<\/tr>\n<tr class=\"row-10\">\n\t<td class=\"column-1\"><a href=\"https:\/\/matimatheque.fr\/wp-content\/uploads\/2025\/10\/DM___IE-1.pdf\">DM 1<\/a><\/td><td class=\"column-2\">s\u00e9ries num\u00e9riques<br \/>\n<\/td><td class=\"column-3\"><\/td>\n<\/tr>\n<tr class=\"row-11\">\n\t<td class=\"column-1\"><a href=\"https:\/\/matimatheque.fr\/wp-content\/uploads\/2025\/10\/DM___IE-7.pdf\" rel=\"noopener\" target=\"_blank\">DM 2<\/a><\/td><td class=\"column-2\">g\u00e9om\u00e9trie plane<\/td><td class=\"column-3\"><\/td>\n<\/tr>\n<tr class=\"row-12\">\n\t<td class=\"column-1\"><a href=\"https:\/\/matimatheque.fr\/wp-content\/uploads\/2025\/11\/DM___IE-13.pdf\" rel=\"noopener\" target=\"_blank\">DM 3<\/a><\/td><td class=\"column-2\">alg\u00e8bre lin\u00e9aire<\/td><td class=\"column-3\"><\/td>\n<\/tr>\n<tr class=\"row-13\">\n\t<td class=\"column-1\"><a href=\"https:\/\/matimatheque.fr\/wp-content\/uploads\/2025\/11\/DM___IE-16.pdf\" rel=\"noopener\" target=\"_blank\">DM 4<\/a><\/td><td class=\"column-2\">alg\u00e8bre lin\u00e9aire<\/td><td class=\"column-3\"><\/td>\n<\/tr>\n<tr class=\"row-14\">\n\t<td class=\"column-1\"><a href=\"https:\/\/matimatheque.fr\/wp-content\/uploads\/2025\/12\/DM___IE-19.pdf\" rel=\"noopener\" target=\"_blank\">DM 5<\/a><\/td><td class=\"column-2\">alg\u00e8bre lin\u00e9aire, \u00e9quations diff\u00e9rentielles<\/td><td class=\"column-3\"><\/td>\n<\/tr>\n<tr class=\"row-15\">\n\t<td class=\"column-1\"><a href=\"https:\/\/matimatheque.fr\/wp-content\/uploads\/2026\/01\/DM___IE-25.pdf\" target=\"_blank\">DM 6<\/a><\/td><td class=\"column-2\">\u00e9quations diff\u00e9rentielles, int\u00e9grales g\u00e9n\u00e9ralis\u00e9es, s\u00e9ries enti\u00e8res<\/td><td class=\"column-3\"><\/td>\n<\/tr>\n<tr class=\"row-16\">\n\t<td class=\"column-1\"><a href=\"https:\/\/matimatheque.fr\/wp-content\/uploads\/2026\/01\/DM___IE-28.pdf\">DM 7<\/a><\/td><td class=\"column-2\">alg\u00e8bre bilin\u00e9aire<\/td><td class=\"column-3\"><\/td>\n<\/tr>\n<tr class=\"row-17\">\n\t<td class=\"column-1\"><a href=\"https:\/\/matimatheque.fr\/wp-content\/uploads\/2026\/03\/ProblemesPT-27.pdf\" target=\"_blank\">Samedi 1<\/a><\/td><td class=\"column-2\">proba, alg\u00e8bre lin\u00e9aire <\/td><td class=\"column-3\"><\/td>\n<\/tr>\n<tr class=\"row-18\">\n\t<td class=\"column-1\"><a href=\"https:\/\/matimatheque.fr\/wp-content\/uploads\/2026\/03\/ProblemesPT-29.pdf\" target=\"_blank\">Samedi 2<\/a><\/td><td class=\"column-2\">analyse<\/td><td class=\"column-3\"><\/td>\n<\/tr>\n<tr class=\"row-19\">\n\t<td class=\"column-1\"><a href=\"https:\/\/matimatheque.fr\/wp-content\/uploads\/2026\/03\/ProblemesPT-30.pdf\" target=\"_blank\">Samedi 3<\/a><\/td><td class=\"column-2\">analyse, proba<\/td><td class=\"column-3\"><\/td>\n<\/tr>\n<tr class=\"row-20\">\n\t<td class=\"column-1\"><\/td><td class=\"column-2\"><\/td><td class=\"column-3\"><\/td>\n<\/tr>\n<tr class=\"row-21\">\n\t<td class=\"column-1\"><a href=\"https:\/\/matimatheque.fr\/wp-content\/uploads\/2025\/03\/ProblemesPT.pdf\">BanquePT2023-B<\/a><\/td><td class=\"column-2\"><a href=\"https:\/\/matimatheque.fr\/wp-content\/uploads\/2025\/03\/ProblemesPT-3.pdf\" rel=\"noopener\" target=\"_blank\">BanquePT2020B<\/a><\/td><td class=\"column-3\"><\/td>\n<\/tr>\n<tr class=\"row-22\">\n\t<td class=\"column-1\"><a href=\"https:\/\/matimatheque.fr\/wp-content\/uploads\/2025\/03\/ProblemesPT-1.pdf\" rel=\"noopener\" target=\"_blank\">matrices circulantes<\/a><\/td><td class=\"column-2\"><a href=\"https:\/\/matimatheque.fr\/wp-content\/uploads\/2025\/03\/ProblemesPT-6.pdf\" rel=\"noopener\" target=\"_blank\">endomorphismes cycliques<\/a><\/td><td class=\"column-3\"><\/td>\n<\/tr>\n<tr class=\"row-23\">\n\t<td class=\"column-1\"><a href=\"https:\/\/matimatheque.fr\/wp-content\/uploads\/2025\/03\/ProblemesPT-10.pdf\" rel=\"noopener\" target=\"_blank\">Wallis - S\u00e9rie Enti\u00e8re<\/a><\/td><td class=\"column-2\"><a href=\"https:\/\/matimatheque.fr\/wp-content\/uploads\/2025\/03\/ProblemesPT-11.pdf\" rel=\"noopener\" target=\"_blank\">Wallis Stirling<\/a><\/td><td class=\"column-3\"><\/td>\n<\/tr>\n<tr class=\"row-24\">\n\t<td class=\"column-1\"><a href=\"https:\/\/matimatheque.fr\/wp-content\/uploads\/2025\/04\/Banque_PT_2022_PT_Mathematiques_A_ca.pdf\" rel=\"noopener\" target=\"_blank\">BanquePT 2022A<\/a><\/td><td class=\"column-2\"><a href=\"https:\/\/matimatheque.fr\/wp-content\/uploads\/2025\/04\/ProblemesPT-19.pdf\" rel=\"noopener\" target=\"_blank\">Formes lin\u00e9aires<\/a><\/td><td class=\"column-3\"><\/td>\n<\/tr>\n<tr class=\"row-25\">\n\t<td class=\"column-1\"><a href=\"https:\/\/matimatheque.fr\/wp-content\/uploads\/2025\/04\/ProblemesPT-20.pdf\" rel=\"noopener\" target=\"_blank\">2023A-proba<\/a><\/td><td class=\"column-2\"><a href=\"https:\/\/matimatheque.fr\/wp-content\/uploads\/2025\/04\/ProblemesPT-5.pdf\" rel=\"noopener\" target=\"_blank\">2019A-proba<\/a><\/td><td class=\"column-3\"><\/td>\n<\/tr>\n<tr class=\"row-26\">\n\t<td class=\"column-1\"><\/td><td class=\"column-2\"><a href=\"https:\/\/matimatheque.fr\/wp-content\/uploads\/2025\/04\/ProblemesPT-24.pdf\" rel=\"noopener\" target=\"_blank\">pb synth\u00e8se s\u00e9ries<\/a><\/td><td class=\"column-3\"><\/td>\n<\/tr>\n<tr class=\"row-27\">\n\t<td class=\"column-1\"><\/td><td class=\"column-2\"><\/td><td class=\"column-3\"><\/td>\n<\/tr>\n<tr class=\"row-28\">\n\t<td class=\"column-1\"><\/td><td class=\"column-2\"><\/td><td class=\"column-3\"><\/td>\n<\/tr>\n<tr class=\"row-29\">\n\t<td class=\"column-1\"><\/td><td class=\"column-2\"><\/td><td class=\"column-3\"><\/td>\n<\/tr>\n<tr class=\"row-30\">\n\t<td class=\"column-1\"><\/td><td class=\"column-2\"><\/td><td class=\"column-3\"><\/td>\n<\/tr>\n<tr class=\"row-31\">\n\t<td class=\"column-1\"><\/td><td class=\"column-2\"><\/td><td class=\"column-3\"><\/td>\n<\/tr>\n<tr class=\"row-32\">\n\t<td class=\"column-1\"><\/td><td class=\"column-2\"><\/td><td class=\"column-3\"><\/td>\n<\/tr>\n<tr class=\"row-33\">\n\t<td class=\"column-1\"><\/td><td class=\"column-2\"><\/td><td class=\"column-3\"><\/td>\n<\/tr>\n<tr class=\"row-34\">\n\t<td class=\"column-1\"><\/td><td class=\"column-2\"><\/td><td class=\"column-3\"><\/td>\n<\/tr>\n<\/tbody>\n<\/table>\n<!-- #tablepress-64 from cache -->\n\n\n\n<ul class=\"wp-block-list\">\n<li><a href=\"https:\/\/docs.google.com\/presentation\/d\/1gDyyQNgFwXgRb0lcCPEhxouEjm2bgtcAK4TZb1MhtxE\/edit?usp=sharing\" data-type=\"link\" data-id=\"https:\/\/docs.google.com\/presentation\/d\/1gDyyQNgFwXgRb0lcCPEhxouEjm2bgtcAK4TZb1MhtxE\/edit?usp=sharing\">pr\u00e9sentation des \u00e9crits<\/a><\/li>\n<\/ul>\n","protected":false},"excerpt":{"rendered":"","protected":false},"author":1,"featured_media":0,"parent":0,"menu_order":0,"comment_status":"closed","ping_status":"closed","template":"","meta":{"footnotes":""},"class_list":["post-1726","page","type-page","status-publish","hentry"],"_links":{"self":[{"href":"https:\/\/matimatheque.fr\/index.php?rest_route=\/wp\/v2\/pages\/1726","targetHints":{"allow":["GET"]}}],"collection":[{"href":"https:\/\/matimatheque.fr\/index.php?rest_route=\/wp\/v2\/pages"}],"about":[{"href":"https:\/\/matimatheque.fr\/index.php?rest_route=\/wp\/v2\/types\/page"}],"author":[{"embeddable":true,"href":"https:\/\/matimatheque.fr\/index.php?rest_route=\/wp\/v2\/users\/1"}],"replies":[{"embeddable":true,"href":"https:\/\/matimatheque.fr\/index.php?rest_route=%2Fwp%2Fv2%2Fcomments&post=1726"}],"version-history":[{"count":16,"href":"https:\/\/matimatheque.fr\/index.php?rest_route=\/wp\/v2\/pages\/1726\/revisions"}],"predecessor-version":[{"id":2712,"href":"https:\/\/matimatheque.fr\/index.php?rest_route=\/wp\/v2\/pages\/1726\/revisions\/2712"}],"wp:attachment":[{"href":"https:\/\/matimatheque.fr\/index.php?rest_route=%2Fwp%2Fv2%2Fmedia&parent=1726"}],"curies":[{"name":"wp","href":"https:\/\/api.w.org\/{rel}","templated":true}]}}