{"id":1076,"date":"2022-06-26T09:02:28","date_gmt":"2022-06-26T07:02:28","guid":{"rendered":"https:\/\/matimatheque.fr\/?page_id=1076"},"modified":"2025-08-17T16:32:17","modified_gmt":"2025-08-17T14:32:17","slug":"rentree-2022","status":"publish","type":"page","link":"https:\/\/matimatheque.fr\/?page_id=1076","title":{"rendered":"Cours 25\/26"},"content":{"rendered":"\n<table id=\"tablepress-42\" class=\"tablepress tablepress-id-42 tablepress-responsive\">\n<tbody class=\"row-striping row-hover\">\n<tr class=\"row-1\">\n\t<td class=\"column-1\">0*<\/td><td class=\"column-2\"><a href=\"https:\/\/matimatheque.fr\/wp-content\/uploads\/2025\/06\/00_formulaire2526.pdf\" rel=\"noopener\" target=\"_blank\">Formulaire<\/a><\/td><td class=\"column-3\"><\/td>\n<\/tr>\n<tr class=\"row-2\">\n\t<td class=\"column-1\"><a href=\"https:\/\/docs.google.com\/presentation\/d\/1MJSLhRUj1W61V4Fmsa-GdNcp5d6LwlbuxII4tIg8WwI\/edit?usp=sharing\" rel=\"noopener\" target=\"_blank\">1<\/a><\/td><td class=\"column-2\"><a href=\"https:\/\/matimatheque.fr\/wp-content\/uploads\/2025\/06\/01_integration12526.pdf\" rel=\"noopener\" target=\"_blank\">Int\u00e9gration 1<\/a><\/td><td class=\"column-3\"><a href=\"https:\/\/matimatheque.fr\/wp-content\/uploads\/2025\/08\/ANA01_integration-1.pdf\" rel=\"noopener\" target=\"_blank\">ANA01<\/a><\/td>\n<\/tr>\n<tr class=\"row-3\">\n\t<td class=\"column-1\"><a href=\"https:\/\/docs.google.com\/presentation\/d\/1dOJD4oM1E5e7_gE9wLPpWBE-8JdFk2Ew2L5_lH7IAuc\/edit?usp=sharing\" rel=\"noopener\" target=\"_blank\">2<\/a><\/td><td class=\"column-2\"><a href=\"https:\/\/matimatheque.fr\/wp-content\/uploads\/2025\/06\/02_suitesnumeriques2526.pdf\" rel=\"noopener\" target=\"_blank\">Suites num\u00e9riques<\/a><\/td><td class=\"column-3\"><a href=\"https:\/\/matimatheque.fr\/wp-content\/uploads\/2025\/08\/ANA02_suites-numeriques.pdf\" rel=\"noopener\" target=\"_blank\">ANA02<\/a><\/td>\n<\/tr>\n<tr class=\"row-4\">\n\t<td class=\"column-1\"><a href=\"https:\/\/docs.google.com\/presentation\/d\/1b3PGXXKudDd6R6_Z_E7MsEjJiI0QbrEITnmLJdDBPWU\/edit?usp=sharing\" rel=\"noopener\" target=\"_blank\">3<\/a><\/td><td class=\"column-2\"><a href=\"https:\/\/matimatheque.fr\/wp-content\/uploads\/2025\/06\/03_seriesnumeriques2526.pdf\" rel=\"noopener\" target=\"_blank\">S\u00e9ries num\u00e9riques<\/a><\/td><td class=\"column-3\"><a href=\"https:\/\/matimatheque.fr\/wp-content\/uploads\/2025\/08\/ANA03_series-numeriques.pdf\" rel=\"noopener\" target=\"_blank\">ANA03<\/a><\/td>\n<\/tr>\n<tr class=\"row-5\">\n\t<td class=\"column-1\"><a href=\"https:\/\/docs.google.com\/presentation\/d\/1lkkfUSvIgIOE6Qh_AaMf3xnl6XVHthfDRn_r3zBBd2U\/edit?usp=sharing\" rel=\"noopener\" target=\"_blank\">4<\/a><\/td><td class=\"column-2\"><a href=\"https:\/\/matimatheque.fr\/wp-content\/uploads\/2025\/06\/04_fxvectorielle2526.pdf\" rel=\"noopener\" target=\"_blank\">Fonctions vectorielles<\/a><\/td><td class=\"column-3\"><\/td>\n<\/tr>\n<tr class=\"row-6\">\n\t<td class=\"column-1\"><a href=\"https:\/\/docs.google.com\/presentation\/d\/1YnmjAkd_bI3RJQd2dStmBqsN9vn34EmfTeu4kBU2Mlc\/edit?usp=sharing\" rel=\"noopener\" target=\"_blank\">5<\/a><\/td><td class=\"column-2\"><a href=\"https:\/\/matimatheque.fr\/wp-content\/uploads\/2025\/06\/05_coniques2526.pdf\" rel=\"noopener\" target=\"_blank\">Coniques<\/a><\/td><td class=\"column-3\"><a href=\"https:\/\/matimatheque.fr\/wp-content\/uploads\/2025\/09\/GEO01_geoplane.pdf\" rel=\"noopener\" target=\"_blank\">GEO01<\/a><\/td>\n<\/tr>\n<tr class=\"row-7\">\n\t<td class=\"column-1\"><a href=\"https:\/\/docs.google.com\/presentation\/d\/1e6jAwANt2ikpLq3vQPcQCLBs1c0caHNx3PJ63OYAvhk\/edit?usp=sharing\" rel=\"noopener\" target=\"_blank\">6*<\/a><\/td><td class=\"column-2\"><a href=\"https:\/\/matimatheque.fr\/wp-content\/uploads\/2025\/06\/06_courbesparametrees2526.pdf\" rel=\"noopener\" target=\"_blank\">Courbes planes<\/a><\/td><td class=\"column-3\"><\/td>\n<\/tr>\n<tr class=\"row-8\">\n\t<td class=\"column-1\"><a href=\"https:\/\/docs.google.com\/presentation\/d\/101YMsA6p8OASJP8pheRgEfgcVkN4W2Fq8MCFg_TFVao\/edit?usp=sharing\" rel=\"noopener\" target=\"_blank\">7*<\/a><\/td><td class=\"column-2\"><a href=\"https:\/\/matimatheque.fr\/wp-content\/uploads\/2025\/06\/07_geo_plane_metrique2526.pdf\" rel=\"noopener\" target=\"_blank\">Propri\u00e9t\u00e9s m\u00e9triques<\/a><\/td><td class=\"column-3\"><\/td>\n<\/tr>\n<tr class=\"row-9\">\n\t<td class=\"column-1\"><a href=\"https:\/\/docs.google.com\/presentation\/d\/1iiwHTjH4x7VYV_SnfhET9csLu8rMNRGwm2sPEHt3ZtA\/edit?usp=sharing\" rel=\"noopener\" target=\"_blank\">8*<\/a><\/td><td class=\"column-2\"><a href=\"https:\/\/matimatheque.fr\/wp-content\/uploads\/2025\/07\/08_sev2526.pdf\" rel=\"noopener\" target=\"_blank\">Sous-espaces vectoriels(rev)<\/a><\/td><td class=\"column-3\"><a href=\"https:\/\/matimatheque.fr\/wp-content\/uploads\/2025\/10\/ALG01_algebre-lineaire.pdf\" rel=\"noopener\" target=\"_blank\">ALG01<\/a><\/td>\n<\/tr>\n<tr class=\"row-10\">\n\t<td class=\"column-1\"><a href=\"https:\/\/docs.google.com\/presentation\/d\/1cJ60ATclWliQJWFM-SOQploXWuwWLO1T-FFbeQu_SmI\/edit?usp=sharing\" rel=\"noopener\" target=\"_blank\">9*<\/a><\/td><td class=\"column-2\"><a href=\"https:\/\/matimatheque.fr\/wp-content\/uploads\/2025\/07\/09_applin2526.pdf\" rel=\"noopener\" target=\"_blank\">Applications lin\u00e9aires(rev)<\/a><\/td><td class=\"column-3\"><\/td>\n<\/tr>\n<tr class=\"row-11\">\n\t<td class=\"column-1\"><a href=\"https:\/\/docs.google.com\/presentation\/d\/14taCLIu5WKIqeKCGi-pQOHmbUrQkeGap6J0UZbQZmUQ\/edit?usp=sharing\" rel=\"noopener\" target=\"_blank\">10*<\/a><\/td><td class=\"column-2\"><a href=\"https:\/\/matimatheque.fr\/wp-content\/uploads\/2025\/07\/10_matrices2526.pdf\" rel=\"noopener\" target=\"_blank\">Matrices<\/a><\/td><td class=\"column-3\"><\/td>\n<\/tr>\n<tr class=\"row-12\">\n\t<td class=\"column-1\"><a href=\"https:\/\/docs.google.com\/presentation\/d\/11fKqxvJ_P21hYT0dKnVMjSfK7X4QZnBSsTirVd6HF3M\/edit?usp=sharing\" rel=\"noopener\" target=\"_blank\">11*<\/a><\/td><td class=\"column-2\"><a href=\"https:\/\/matimatheque.fr\/wp-content\/uploads\/2025\/07\/11_projetsym2526.pdf\" rel=\"noopener\" target=\"_blank\">Projecteurs Sym\u00e9tries<\/a><\/td><td class=\"column-3\"><\/td>\n<\/tr>\n<tr class=\"row-13\">\n\t<td class=\"column-1\"><a href=\"https:\/\/docs.google.com\/presentation\/d\/1uVEKnJV2zf5K-z7UsmDlCbozIT8umngtsx27e83PT18\/edit?usp=sharing\" rel=\"noopener\" target=\"_blank\">12*<\/a><\/td><td class=\"column-2\"><a href=\"https:\/\/matimatheque.fr\/wp-content\/uploads\/2025\/07\/12_determinants2526.pdf\" rel=\"noopener\" target=\"_blank\">D\u00e9terminants<\/a><\/td><td class=\"column-3\"><\/td>\n<\/tr>\n<tr class=\"row-14\">\n\t<td class=\"column-1\"><a href=\"https:\/\/docs.google.com\/presentation\/d\/1pDyl-uu2kEOJhYEqkH9TlRgzwYJX3RgkSOrBVnE822o\/edit?usp=sharing\" rel=\"noopener\" target=\"_blank\">13*<\/a><\/td><td class=\"column-2\"><a href=\"https:\/\/matimatheque.fr\/wp-content\/uploads\/2025\/07\/13_elements-propres2526.pdf\" rel=\"noopener\" target=\"_blank\">El\u00e9ments propres<\/a><\/td><td class=\"column-3\"><\/td>\n<\/tr>\n<tr class=\"row-15\">\n\t<td class=\"column-1\"><a href=\"https:\/\/docs.google.com\/presentation\/d\/1Pc4nMdgnsdCmnRdBCVcnOCx7Wlx2-tDS5iMcGzd6qgw\/edit?usp=sharing\" rel=\"noopener\" target=\"_blank\">14*<\/a><\/td><td class=\"column-2\"><a href=\"https:\/\/matimatheque.fr\/wp-content\/uploads\/2025\/07\/14_reduction2526.pdf\" rel=\"noopener\" target=\"_blank\">R\u00e9duction <\/a><\/td><td class=\"column-3\"><\/td>\n<\/tr>\n<tr class=\"row-16\">\n\t<td class=\"column-1\"><a href=\"https:\/\/docs.google.com\/presentation\/d\/10hDEGWAPO4StVzA9hyaXi5k42MM2nKmwwPLrqNUY58g\/edit?usp=sharing\" rel=\"noopener\" target=\"_blank\">15*<\/a><\/td><td class=\"column-2\"><a href=\"https:\/\/matimatheque.fr\/wp-content\/uploads\/2025\/07\/15_equadiff2526.pdf\" rel=\"noopener\" target=\"_blank\">Equations diff\u00e9rentielles<\/a><\/td><td class=\"column-3\"><a href=\"https:\/\/matimatheque.fr\/wp-content\/uploads\/2025\/11\/Exercices-3.pdf\" rel=\"noopener\" target=\"_blank\">ANA04<\/a><\/td>\n<\/tr>\n<tr class=\"row-17\">\n\t<td class=\"column-1\"><a href=\"https:\/\/docs.google.com\/presentation\/d\/1SWcyIZKNCeAwjNIIsrwkqmjTCROZWuVMzR9E8E1ZZMU\/edit?usp=sharing\" rel=\"noopener\" target=\"_blank\">16*<\/a><\/td><td class=\"column-2\"><a href=\"https:\/\/matimatheque.fr\/wp-content\/uploads\/2025\/06\/16_integration_2_2526.pdf\" rel=\"noopener\" target=\"_blank\">Int\u00e9grales g\u00e9n\u00e9ralis\u00e9es<\/a><\/td><td class=\"column-3\"><a href=\"https:\/\/matimatheque.fr\/wp-content\/uploads\/2025\/12\/ANA05_intgene.pdf\" rel=\"noopener\" target=\"_blank\">ANA05<\/a><\/td>\n<\/tr>\n<tr class=\"row-18\">\n\t<td class=\"column-1\"><a href=\"https:\/\/docs.google.com\/presentation\/d\/1U1AUu3sY9ZhvZpHRBXX7qkAcjp_jxKXpexTHXlWtg1I\/edit?usp=sharing\" rel=\"noopener\" target=\"_blank\">17*<\/a><\/td><td class=\"column-2\"><a href=\"https:\/\/matimatheque.fr\/wp-content\/uploads\/2025\/07\/18_series_entieres2526.pdf\" rel=\"noopener\" target=\"_blank\">S\u00e9ries enti\u00e8res<\/a><\/td><td class=\"column-3\"><a href=\"https:\/\/matimatheque.fr\/wp-content\/uploads\/2025\/12\/ANA06_serient.pdf\" rel=\"noopener\" target=\"_blank\">ANA06<\/a><\/td>\n<\/tr>\n<tr class=\"row-19\">\n\t<td class=\"column-1\"><a href=\"https:\/\/docs.google.com\/presentation\/d\/1XJZQ4COxaf_ubP3VL6bazKdyXtv3fZNTKGEYl6RxAYM\/edit?usp=sharing\" rel=\"noopener\" target=\"_blank\">18*<\/a><\/td><td class=\"column-2\"><a href=\"https:\/\/matimatheque.fr\/wp-content\/uploads\/2025\/07\/18_epr2526.pdf\" rel=\"noopener\" target=\"_blank\">Espaces pr\u00e9hilbertiens<\/a><\/td><td class=\"column-3\"><a href=\"https:\/\/matimatheque.fr\/wp-content\/uploads\/2025\/12\/ALG02_algebre-bilineaire.pdf\" rel=\"noopener\" target=\"_blank\">ALG02<\/a><\/td>\n<\/tr>\n<tr class=\"row-20\">\n\t<td class=\"column-1\"><a href=\"https:\/\/docs.google.com\/presentation\/d\/1551OPVP841iaRFe5kcQpslK0PIqGdqh6ut9yAGKJYh4\/edit?usp=sharing\" target=\"_blank\">19*<\/a><\/td><td class=\"column-2\"><a href=\"https:\/\/matimatheque.fr\/wp-content\/uploads\/2025\/07\/19_isometries2526.pdf\" rel=\"noopener\" target=\"_blank\">Isom\u00e9tries vectorielles<\/a><\/td><td class=\"column-3\"><\/td>\n<\/tr>\n<tr class=\"row-21\">\n\t<td class=\"column-1\">20*<\/td><td class=\"column-2\"><a href=\"https:\/\/matimatheque.fr\/wp-content\/uploads\/2025\/07\/20_geo3D2526.pdf\" rel=\"noopener\" target=\"_blank\">G\u00e9om\u00e9trie 3D<\/a><\/td><td class=\"column-3\"><a href=\"https:\/\/matimatheque.fr\/wp-content\/uploads\/2026\/01\/GEO02_geo3D.pdf\" target=\"_blank\">GEO02<\/a><\/td>\n<\/tr>\n<tr class=\"row-22\">\n\t<td class=\"column-1\"><a href=\"https:\/\/docs.google.com\/presentation\/d\/1xpvvc1x8ktJWYYMjp78etMW9ZpbfxyhD4U8aPlfJjHE\/edit?usp=sharing\" rel=\"noopener\" target=\"_blank\">21*<\/a><\/td><td class=\"column-2\"><a href=\"https:\/\/matimatheque.fr\/wp-content\/uploads\/2025\/07\/2526_denombrable.pdf\" rel=\"noopener\" target=\"_blank\">Tribus, d\u00e9nombrables<\/a><\/td><td class=\"column-3\"><a href=\"https:\/\/matimatheque.fr\/wp-content\/uploads\/2026\/02\/Exercices-7.pdf\" target=\"_blank\">PRO01<\/a><\/td>\n<\/tr>\n<tr class=\"row-23\">\n\t<td class=\"column-1\"><a href=\"https:\/\/docs.google.com\/presentation\/d\/1WVOior8ikU62EFIUCm2HrcbhGDv6AjzWXW96WsWj-0o\/edit?usp=sharing\" rel=\"noopener\" target=\"_blank\">22*<\/a><\/td><td class=\"column-2\"><a href=\"https:\/\/matimatheque.fr\/wp-content\/uploads\/2025\/07\/2526_esp_proba.pdf\" rel=\"noopener\" target=\"_blank\">Espaces probabilis\u00e9s<\/a><\/td><td class=\"column-3\"><\/td>\n<\/tr>\n<tr class=\"row-24\">\n\t<td class=\"column-1\"><a href=\"https:\/\/docs.google.com\/presentation\/d\/1WeZ62FevP-WE7XXzKUrQCz1VS6r_zeSCK2BFeOjJINc\/edit?usp=sharing\" rel=\"noopener\" target=\"_blank\">23*<\/a><\/td><td class=\"column-2\"><a href=\"https:\/\/matimatheque.fr\/wp-content\/uploads\/2025\/07\/23_varalea-1.pdf\" rel=\"noopener\" target=\"_blank\">Variables al\u00e9atoires 1<\/a><\/td><td class=\"column-3\"><a href=\"https:\/\/matimatheque.fr\/wp-content\/uploads\/2026\/02\/Exercices-8.pdf\">PRO02<\/a><\/td>\n<\/tr>\n<tr class=\"row-25\">\n\t<td class=\"column-1\"><a href=\"https:\/\/docs.google.com\/presentation\/d\/1M6Ofb6VDzHc0pc87x0hBLvHgl2bkOEhAPk1o9tgvNy4\/edit?usp=sharing\" rel=\"noopener\" target=\"_blank\">24*<\/a><\/td><td class=\"column-2\"><a href=\"https:\/\/matimatheque.fr\/wp-content\/uploads\/2025\/07\/23_varalea2_2526.pdf\" rel=\"noopener\" target=\"_blank\">Variables al\u00e9atoires 2<\/a><\/td><td class=\"column-3\"><\/td>\n<\/tr>\n<tr class=\"row-26\">\n\t<td class=\"column-1\"><a href=\"https:\/\/matimatheque.fr\/wp-content\/uploads\/2026\/02\/26_intparam.pdf\" target=\"_blank\">25*<\/a><\/td><td class=\"column-2\"><a href=\"https:\/\/matimatheque.fr\/wp-content\/uploads\/2026\/02\/26_intparam-1.pdf\" target=\"_blank\">Int\u00e9grales \u00e0 param\u00e8tre<\/a><\/td><td class=\"column-3\"><a href=\"https:\/\/matimatheque.fr\/wp-content\/uploads\/2026\/03\/Exercices-9.pdf\" target=\"_blank\">ANA07<\/a><\/td>\n<\/tr>\n<tr class=\"row-27\">\n\t<td class=\"column-1\"><a href=\"https:\/\/docs.google.com\/presentation\/d\/1LJ5FK2DgyknJyrgniaul9ZH2EcgKZ1RdPefjM9iMApc\/edit?usp=sharing\" rel=\"noopener\" target=\"_blank\">26<\/a><\/td><td class=\"column-2\"><a href=\"https:\/\/matimatheque.fr\/wp-content\/uploads\/2026\/03\/fxs_plu_var.pdf\" target=\"_blank\">Fonctions de plusieurs variables<\/a><\/td><td class=\"column-3\"><\/td>\n<\/tr>\n<\/tbody>\n<\/table>\n\n","protected":false},"excerpt":{"rendered":"","protected":false},"author":1,"featured_media":0,"parent":0,"menu_order":0,"comment_status":"closed","ping_status":"closed","template":"","meta":{"footnotes":""},"class_list":["post-1076","page","type-page","status-publish","hentry"],"_links":{"self":[{"href":"https:\/\/matimatheque.fr\/index.php?rest_route=\/wp\/v2\/pages\/1076","targetHints":{"allow":["GET"]}}],"collection":[{"href":"https:\/\/matimatheque.fr\/index.php?rest_route=\/wp\/v2\/pages"}],"about":[{"href":"https:\/\/matimatheque.fr\/index.php?rest_route=\/wp\/v2\/types\/page"}],"author":[{"embeddable":true,"href":"https:\/\/matimatheque.fr\/index.php?rest_route=\/wp\/v2\/users\/1"}],"replies":[{"embeddable":true,"href":"https:\/\/matimatheque.fr\/index.php?rest_route=%2Fwp%2Fv2%2Fcomments&post=1076"}],"version-history":[{"count":20,"href":"https:\/\/matimatheque.fr\/index.php?rest_route=\/wp\/v2\/pages\/1076\/revisions"}],"predecessor-version":[{"id":2673,"href":"https:\/\/matimatheque.fr\/index.php?rest_route=\/wp\/v2\/pages\/1076\/revisions\/2673"}],"wp:attachment":[{"href":"https:\/\/matimatheque.fr\/index.php?rest_route=%2Fwp%2Fv2%2Fmedia&parent=1076"}],"curies":[{"name":"wp","href":"https:\/\/api.w.org\/{rel}","templated":true}]}}